 -6732 = 652*i - 685*i. What is the highest common divisor of 8024 and i?
68
Let h(m) = 2*m**2 + 21*m + 7. Let v be h(-10). Let b be (6 + -10 - -1)/(v/4). Calculate the greatest common divisor of b and 4.
4
Let h be (-66)/(-120)*8 + 2/(-5). Suppose 73*l = 72*l + h. Let c = 3 - -13. What is the highest common divisor of l and c?
4
Suppose 0 = 15*m - 13*m - 2*y - 1080, -y + 1608 = 3*m. Let t = -513 + m. What is the highest common factor of t and 60?
12
Let m be (-5 - -5) + 2 - 8. Let i be 1 + -4 - (m - -662)/(-8). Calculate the highest common divisor of 553 and i.
79
Suppose -35*f + 3060 = -31*f. Let i = 1475 - f. Calculate the highest common factor of 10 and i.
10
Suppose 4*y + 2*p - 73 = 413, -5*p = -5*y + 585. Let a = -132 + y. Let m be (15/(-6) - -2)*a. Calculate the greatest common divisor of m and 33.
3
Suppose 0 = 2*z + 125*h - 126*h - 387, 4*z - 759 = 5*h. Calculate the highest common divisor of 3038 and z.
98
Let z be ((-14043)/558 - -25) + 2702/12. Let d be 2 - 0 - (-294)/3. Calculate the greatest common divisor of d and z.
25
Suppose -5*h + 4*c + c = 0, 0 = -3*c - 12. Let a(u) = -13*u - 18. Let s be a(h). Let w = s + -6. What is the greatest common divisor of 28 and w?
28
Let t be 123/(-48)*-8*22 - 6. What is the greatest common factor of 3293 and t?
89
Let j be ((-48)/30)/((-2)/5). Let c(m) = -j*m + 6 - 11 + 4*m - m. Let x be c(-19). Calculate the highest common divisor of x and 6.
2
Let z be 93*120/35 + (-7)/(-49). Calculate the greatest common factor of z and 220.
11
Let s = 215 - 187. Suppose -s*j + 23*j + 80 = 0. Calculate the greatest common divisor of 80 and j.
16
Let z = 37685 - 37664. Let h be (-2 - -7) + 0 - 2. What is the highest common factor of h and z?
3
Let h(o) = o**2 + 31*o - 5163. Let l be h(-90). Calculate the greatest common factor of 2352 and l.
147
Suppose 5*p - 20*a = -25*a + 240, -a - 42 = -p. What is the greatest common divisor of 1215 and p?
45
Let d(w) = -w**2 - 6*w - 5. Let n(j) = -6*j + 13. Let b be n(3). Let h be d(b). Suppose 0 = 3*i - h*i - 147. Calculate the greatest common divisor of 7 and i.
7
Let p = -136 + 192. Suppose 7*b - 306 = -285. Suppose b*v - 280 = -5*r, 0 = -12*r + 14*r - 4*v - 112. Calculate the highest common factor of r and p.
56
Let r be (-7)/((-14)/(-3))*608/(-24). Let g = 52 + 290. Calculate the highest common divisor of g and r.
38
Let b = -14250 + 14525. Calculate the highest common divisor of 13475 and b.
275
Suppose -17*u + 102*u - 114070 = 0. Calculate the highest common factor of u and 143.
11
Suppose -v - 5*d + 930 = 0, -2*d - 3 = d. Let h be 1/3 - 6/18 - -85. What is the highest common factor of v and h?
85
Let j(m) = m**2 - 109*m + 2427. Let g be j(90). Calculate the highest common divisor of g and 72.
3
Let h = 7896 - 7383. What is the greatest common divisor of 361 and h?
19
Let y(f) = 3*f**2 - 6*f - 41. Let u be y(-10). Suppose 4*h - 3*q - 2384 = u, 3*h = 2*q + 2026. What is the greatest common divisor of h and 16?
16
Suppose 3*y - 7 = 4*y - 3*i, 4*i = y + 6. Let l be -1 - -1 - 260/y. What is the highest common divisor of 117 and l?
13
Let k be (-10)/35 + 276/84. Suppose 0*c - 12 = -3*c. Suppose 3*n = c*x - 30, -3*n + 19 - 7 = k*x. What is the greatest common divisor of 3 and x?
3
Let j be 14/112 - 235100/(-32). What is the greatest common divisor of j and 279?
93
Let l(s) = -1703*s - 3379. Let i be l(-2). Suppose m + 3*m - 108 = 0. Calculate the greatest common divisor of m and i.
27
Let v be (1020/(-30))/((-9)/1206). What is the highest common divisor of 119 and v?
17
Suppose -3 = b - 35. Let i = 47 - b. Suppose 0 = 5*z + a - 526, -4*z + 5*a = -7*z + 320. Calculate the greatest common factor of z and i.
15
Suppose 4*d - x = -7, -7*x - 31 = 2*d - 2*x. Let w be -19 + 70 + -6 + d. What is the greatest common factor of w and 1218?
42
Suppose c - 3099 = 54*a - 58*a, 5*a - 2*c = 3890. What is the highest common divisor of 24 and a?
8
Let o be (6/12 - 12)*-634 - -2. What is the greatest common divisor of o and 143?
143
Suppose -2*w = -3*o + 1 + 5, 0 = -5*w - 15. Suppose o*j = j + 2*f - 14, -5*j - 2*f + 78 = 0. Calculate the highest common divisor of 36 and j.
4
Let l = 3405 + -355. What is the greatest common factor of 150 and l?
50
Suppose 27*d - 53508 = -22*d. Suppose -3*k = -v - d - 1642, 3*k = 4*v + 2728. What is the highest common factor of 48 and k?
48
Let g = -43 + 44. Let r be (-14)/(-3 + 10) + 26*g. Suppose r + 15 = o. What is the highest common divisor of o and 13?
13
Let o(d) = d**2 - 338*d + 3316. Let i be o(10). What is the greatest common divisor of i and 7992?
36
Suppose 0*h + 22*h = -6*h + 48048. Calculate the highest common divisor of 780 and h.
156
Let r be ((-14)/(-8))/(-3*1/(-456)). Suppose 0 = 45*p - 32*p - 494. Calculate the highest common factor of r and p.
38
Let q be 24/(-18)*132*18*27/(-72). What is the highest common divisor of 924 and q?
132
Suppose 1991*w + 6480 = 2006*w. Calculate the highest common divisor of 60 and w.
12
Let a = 82 + -110. Let r = -50 - a. Let b be (4 - r) + (-1 - -5). Calculate the highest common factor of b and 150.
30
Suppose 10*p - 15*p - 5 = 0. Let n be -3 + (3 - p) + -1. Suppose -4*d + 4*z + 56 = n, -4*z = 2*d - 0 + 2. What is the greatest common factor of d and 18?
9
Let z be 21 - (2 + -7) - 0. Suppose -2691 = -z*f + 3*f. Calculate the greatest common factor of 156 and f.
39
Let y be (-2751)/(-15) - (18/(-10))/3. Suppose 0 = 3*j + 3, -3*f + 3*j - 8*j = -y. Calculate the highest common factor of 36 and f.
9
Suppose 0 = -402*y + 50*y + 191488. What is the greatest common divisor of y and 64?
32
Let q be ((-16)/(-6))/((-210)/(-504)*(-4)/(-15)). What is the greatest common factor of 1752 and q?
24
Suppose 0 = 4*k + 8, 4*k = 3*c + 1 - 9. Let l(j) = 2*j**2 - j + 320. Let u be l(c). Calculate the greatest common divisor of 128 and u.
64
Let b(a) = 3*a**3 + 91*a**2 + 28*a + 16. Suppose -3*j + 66 = -2*f, 4*j - 4 - 34 = f. Let d be b(f). Calculate the greatest common divisor of d and 20.
4
Let c = -17514 - -42976. Calculate the highest common divisor of 58 and c.
58
Let r = -10673 + 17666. What is the greatest common factor of 14 and r?
7
Suppose 272 = -21*t + 29*t. Let c = -31 + t. Suppose -96 = -4*q - 4*m, -2*m - 18 = -c*q + 2*q. What is the highest common divisor of 242 and q?
22
Suppose 1165 - 437 = 55*n - 4772. Suppose 3*o + 30 = 5*z + 270, -3*z = 2*o - 141. Calculate the highest common divisor of o and n.
25
Let t be 5/((-4 - -2)/(-2)). Suppose 1160 = 13*i - 465. Suppose -i = 1605*v - 1610*v. Calculate the highest common divisor of t and v.
5
Suppose 78*n + 20584 = 37384 + 27660. What is the highest common factor of n and 120?
30
Suppose -197*l + 1004 = -2739. Calculate the greatest common divisor of l and 13813.
19
Let x(j) = -j**3 + 15*j**2 - 39*j + 21. Let u be x(12). Let d(h) = h**2 + 11*h - 18. Let s be d(u). What is the highest common factor of 322 and s?
14
Suppose 440 = 6*g - g. Let v be (-532)/(-22) + (-16)/g. Let j be (27/(-12))/(50/(-48) - (-122)/183). Calculate the greatest common divisor of v and j.
6
Suppose -52 + 93 = i. Suppose 40*o - i*o = -153. Calculate the highest common factor of 204 and o.
51
Let v(i) = -2*i**3 - 10*i**2 + 113*i - 224. Let t be v(-16). Calculate the greatest common divisor of 5 and t.
5
Let s be (-156)/273 + (-134244)/(-21). What is the greatest common factor of s and 544?
136
Let j be (-201)/(-4) - (-5)/(-20). Let i(n) = 26*n + 1. Let k be i(-3). Let a be (-5 + 11)/(-3) - k. Calculate the highest common factor of j and a.
25
Let n(i) = i**3 + 6*i**2 + 7*i + 7. Let q be (-471)/5 + (-5 + 8)/15. Let p = q - -90. Let g be n(p). What is the greatest common factor of 22 and g?
11
Suppose m - 4*u = 16, -267 = 5*m - u - 423. What is the greatest common factor of m and 6?
2
Let s be (-4)/3 + 1 - 52*(-91)/156. Calculate the greatest common factor of s and 8570.
10
Let c(m) = -14*m - 10. Let h(d) = 14*d + 9. Let u(w) = -6*c(w) - 5*h(w). Let p be u(1). What is the greatest common factor of p and 145?
29
Let m be (-1 + 8)*(-1 - -2). Let f be 27 - 11637/432 - (-1231)/16. Calculate the highest common factor of f and m.
7
Suppose -2*r + 4*p + 676 = 0, 2*r - 41 = 2*p + 635. What is the highest common factor of 2873 and r?
169
Let u be (-4 + (-9478)/(-42))/(1/15). Calculate the greatest common facto